{"id":56668,"date":"2023-01-23T10:53:30","date_gmt":"2023-01-23T10:53:30","guid":{"rendered":"https:\/\/kessfactory.com\/?post_type=product&#038;p=56668"},"modified":"2025-01-09T06:45:23","modified_gmt":"2025-01-09T06:45:23","slug":"website-mitgliederbereich","status":"publish","type":"product","link":"https:\/\/kessfactory.com\/?product=website-mitgliederbereich","title":{"rendered":"Website Mitgliederbereich"},"content":{"rendered":"<p>Mit dem <strong>WordPress-Plugin Digimember<\/strong> erstellen wir Deinen eigenen Mitgliederbereich auf Deiner Website. Dar\u00fcber kannst Du digitale Produkte, z.B. eBooks und Videokurse, voll automatisiert an Deine Kunden ausliefern. Das spart Dir eine Menge Zeit und Nerven!<\/p>\n<p>Inkludiert ist:<br \/>\n&#8211; Einrichtung Subdomain f\u00fcr den Mitgliederbereich (z.B. kurse.deinedomain.de oder members.deinedomain.de)<br \/>\n&#8211; Einrichtung WordPress-Plugin Digimember auf Deiner Website<br \/>\n&#8211; Erstellung eines Produktes (z.B. 1x Mitgliederbereich)<br \/>\n&#8211; Erstellung der Mitgliederseiten (Registrierung, Login, Willkommen, Logout, Mein Konto, bis zu 10 Modulseiten)<br \/>\n&#8211; Einbindung der digitalen Inhalte (z.B. Workbooks, eBooks, Videos)<\/p>\n<p>* Bei einer Video Einbindung sollten die Videos extern gespeichert werden, um die Speicherkapazit\u00e4t der Website nicht zu \u00fcberfordern. An der Stelle empfehlen wir Dir Vimeo.com &#8211; wie das funktioniert, erf\u00e4hrst Du in einer Schritt-f\u00fcr-Schritt Anleitung nach Deiner kessen Bestellung \ud83d\ude09<\/p>\n<p>Voraussetzung ist, dass Deine Website mit WordPress &amp; DIVI erstellt wurde. Falls nicht, k\u00f6nnen wir Dein Website System umziehen. Hier erf\u00e4hrst Du mehr zum <a href=\"https:\/\/kessfactory.com\/shop\/kess-website-system-umzug\">KESS Website System Umzug<\/a>.<\/p>\n<p>Du willst die digitalen Inhalte selbst jederzeit \u00e4ndern k\u00f6nnen und die Handhabung selbst beherrschen?<br \/>\nBuch Dir zus\u00e4tzlich einen<a href=\"https:\/\/kessfactory.com\/technik-call\"> Technik Call<\/a> mit Frances. Dort bekommst Du eine ganz genau Anleitung, wie der Mitgliederbereich funktioniert.<\/p>\n<p><strong>P.KESS:<\/strong><br \/>\nExterne Software Leistungen sind exklusive und betragen ca. 37 Euro\/ Monat.<br \/>\nDu wei\u00dft ja: Wir wollen, dass Du von uns unabh\u00e4ngig bist!<\/p>\n","protected":false},"excerpt":{"rendered":"<p>Mit dem <strong>WordPress-Plugin Digimember<\/strong> erstellen wir Deinen eigenen Mitgliederbereich auf Deiner Website. Dar\u00fcber kannst Du digitale Produkte, z.B. eBooks und Videokurse, voll automatisiert an Deine Kunden ausliefern. Das spart Dir eine Menge Zeit und Nerven! <a href=\"https:\/\/kessfactory.com\/shop\/website-mitgliederbereich\/#produktbeschreibung\">mehr<\/a><\/p>\n","protected":false},"featured_media":284897,"comment_status":"open","ping_status":"closed","template":"","meta":{"_et_pb_use_builder":"","_et_pb_old_content":"","_et_gb_content_width":"","inline_featured_image":false},"product_brand":[],"product_cat":[160],"product_tag":[],"class_list":{"0":"post-56668","1":"product","2":"type-product","3":"status-publish","4":"has-post-thumbnail","6":"product_cat-website-onlineshop","7":"wcpa_has_options","9":"first","10":"instock","11":"virtual","12":"taxable","13":"purchasable","14":"product-type-simple"},"wcpa_form_fields":{"wcpaData":{"product":{"product_price":850,"price_html":"<span class=\"woocommerce-Price-amount amount\"><bdi>850,00&nbsp;<span class=\"woocommerce-Price-currencySymbol\">&euro;<\/span><\/bdi><\/span>","original_product_price":850,"price_including_tax":1011.5,"price_excluding_tax":850,"product_id":{"parent":56668,"variation":false},"is_variable":false,"stock_status":"instock","stock_quantity":null,"parent_sku":"","product_attributes":[],"custom_fields":[],"is_taxable":true,"product_name":"Website Mitgliederbereich","hasImage":false},"fields":{"sec_969d00071e744f":{"extra":{"key":"sec_969d00071e744f","section_id":"sec_969d00071e744f","name":"Default","status":1,"cl_rule":"show","enableCl":false,"relations":[],"toggle":true,"title_tag":"h3","show_title":false,"showPrice":"default","form_id":272663,"form_rules":{"exclude_from_discount":false,"fee_label":"Geb\u00fchr","disp_hide_options_price":false,"disp_show_section_price":false,"disp_show_field_price":true,"layout_option":"standard","pric_use_as_fee":false,"process_fee_as":"woo_fee"},"layout_option":"standard"},"fields":[[{"type":"checkbox-group","elementId":"wcpa-checkbox-group-64ddf7be34507","label":"Website Mitgliederbereich Addon","description":"","desc_type":true,"enablePrice":true,"priceOptions":"different_for_all","pricingType":"fixed","name":"checkbox-group-64ddf7be3451e","other_text":"Other","cl_rule":"show","col":"5","values":[{"label":"1 zus\u00e4tzlicher Mitgliederbereich mit bis zu 10 Modulen","value":"mitgliederbereich1","price":"300","pimage":"","pimage_id":"","pthumb":"","gt_translate_keys":["label"]},{"label":"2 zus\u00e4tzliche Mitgliederbereiche mit jeweils bis zu 10 Modulen","value":"mitgliederbereich2","price":"600","pimage":"","pimage_id":"","pthumb":"","gt_translate_keys":["label"]}],"relations":false,"price":0,"active":true,"tooltip":"Hast Du mehrere Kurse\/ Programme und m\u00f6chtest verschiedene Mitgliederbereiche f\u00fcr die einzelnen Kurse\/ Programme anbinden lassen? Bestelle hier einfach Deine Erweiterung.","layOut":"","gt_translate_keys":["label","description","tooltip"],"price_dependency":false,"cl_dependency":false,"value":""}]]}},"config":{"price_override":"","enable_recaptcha":false,"bind_quantity":false,"quantity_bind_formula":false,"disp_summ_show_option_price":true,"disp_summ_show_product_price":true,"disp_summ_show_total_price":true,"disp_summ_show_fee":false,"disp_summ_show_discount":false,"summary_title":"","options_total_label":"Addons Investition (zzgl. MwSt.)","total_label":"Mitgliederbereich Gesamtinvestition (zzgl. MwSt.)","options_product_label":"Mitgliederbereich Investition (zzgl. MwSt.)","fee_label":"Geb\u00fchr","discount_label":"Discount","has_price":true,"has_quantity_formula":false},"mc_unit":1,"tax_rate":1,"tax_rate_real":0.19,"discount":{"percentage":0,"fixed":0},"design":{"conf":{"LabelPosition":"above","DescPosition":"above","UploadField":"custom_1","QuantityFieldStyle":"default"},"css":{"LeftLabelWidth":"120px"}},"formulas":[],"clones":false,"cartKey":false}},"_links":{"self":[{"href":"https:\/\/kessfactory.com\/index.php?rest_route=\/wp\/v2\/product\/56668","targetHints":{"allow":["GET"]}}],"collection":[{"href":"https:\/\/kessfactory.com\/index.php?rest_route=\/wp\/v2\/product"}],"about":[{"href":"https:\/\/kessfactory.com\/index.php?rest_route=\/wp\/v2\/types\/product"}],"replies":[{"embeddable":true,"href":"https:\/\/kessfactory.com\/index.php?rest_route=%2Fwp%2Fv2%2Fcomments&post=56668"}],"wp:featuredmedia":[{"embeddable":true,"href":"https:\/\/kessfactory.com\/index.php?rest_route=\/wp\/v2\/media\/284897"}],"wp:attachment":[{"href":"https:\/\/kessfactory.com\/index.php?rest_route=%2Fwp%2Fv2%2Fmedia&parent=56668"}],"wp:term":[{"taxonomy":"product_brand","embeddable":true,"href":"https:\/\/kessfactory.com\/index.php?rest_route=%2Fwp%2Fv2%2Fproduct_brand&post=56668"},{"taxonomy":"product_cat","embeddable":true,"href":"https:\/\/kessfactory.com\/index.php?rest_route=%2Fwp%2Fv2%2Fproduct_cat&post=56668"},{"taxonomy":"product_tag","embeddable":true,"href":"https:\/\/kessfactory.com\/index.php?rest_route=%2Fwp%2Fv2%2Fproduct_tag&post=56668"}],"curies":[{"name":"wp","href":"https:\/\/api.w.org\/{rel}","templated":true}]}}