{"id":285645,"date":"2025-03-31T16:32:09","date_gmt":"2025-03-31T16:32:09","guid":{"rendered":"https:\/\/kessfactory.com\/?post_type=product&#038;p=285645"},"modified":"2025-03-31T16:35:31","modified_gmt":"2025-03-31T16:35:31","slug":"postkartenwerbung","status":"publish","type":"product","link":"https:\/\/kessfactory.com\/?product=postkartenwerbung","title":{"rendered":"Postkartenwerbung"},"content":{"rendered":"<p><strong>&#8220;Sie haben Post!\u201c \u2013 Diesmal analog. Und dauerhaft sichtbar.<\/strong><\/p>\n<p>Ob Praxis, Laden, Studio oder Caf\u00e9:<br \/>\nUnsere verkaufspsychologischen KESS Postkarten sind daf\u00fcr gemacht, aufzuh\u00e4ngen, mitzunehmen, weiterzugeben \u2013 und dabei ganz nebenbei Deine Message zu verbreiten.<\/p>\n<p>Denn in Zeiten von digitalem Dauerrauschen wirkt genau das:<br \/>\nEtwas Echtes. Etwas zum Anfassen. Etwas zum Schmunzeln, Erinnern, Weiterschenken.<br \/>\nUnd mit dem beiliegenden 9-F\u00e4cher-Aufh\u00e4nger verwandelst Du jeden Wartebereich, Empfang oder Verkaufsraum in Deine analoge B\u00fchne.<\/p>\n<p><strong>Was ist alles dabei?<\/strong><\/p>\n<p>\u2714\ufe0f 6 individuell gestaltete, verkaufspsychologische KESS Postkarten mit QR Code<br \/>\n\u2013 mit Message, Design &amp; Charme, abgestimmt auf DEIN Business<br \/>\n\u2714\ufe0f Verkaufspsychologische Konzeption<br \/>\n\u2013 damit jede Karte nicht nur h\u00fcbsch, sondern auch wirksam ist<br \/>\n\u2714\ufe0f 9-F\u00e4cher-Aufh\u00e4nger<br \/>\n\u2013 f\u00fcr Theke, Wand, T\u00fcr oder Wartezimmer \u2013 stabil &amp; pr\u00e4sentabel<br \/>\n\u2714\ufe0f Digitale Verkn\u00fcpfung m\u00f6glich<br \/>\n\u2013 QR-Code, Social-Link, Landingpage \u2013 wenn gew\u00fcnscht<br \/>\n\u2714\ufe0f \u00bd Stunde Projektzeit inklusive<br \/>\n\u2013 zur Strategie, Ideenfindung oder Layout-Abstimmung<\/p>\n<p>Was bringt Dir das?<br \/>\n\u2728 Du wirst sichtbar \u2013 ganz ohne Digitalstress<br \/>\n\u2728 Deine Karten h\u00e4ngen im eigenen Unternehmen &amp; wirken dauerhaft<br \/>\n\u2728 Sie werden mitgenommen, verschenkt oder fotografiert<br \/>\n\u2728 Und das Beste:<\/p>\n<p>Du darfst Deine Karten auch bei anderen KESS Fames auslegen!<br \/>\n#kessfamily #communitypower<\/p>\n<p>Noch keine Idee, was auf Deinen Karten stehen soll?<br \/>\nKein Thema &#8211; daf\u00fcr hast Du ja uns!<\/p>\n<p>Wir brainstormen mit Dir gemeinsam im gratis KESS Projekt-Call und finden den Spruch, der passt \u2013 zu Dir, Deinem Business und Deinen Kunden.<\/p>\n<p>Und wenn Du jetzt immernoch glaubst: Postkarten sind retro?<br \/>\nDann ist die Anwort: Vielleicht. Aber genau deshalb bleiben sie h\u00e4ngen &#8211; im Kopf und nicht im St\u00e4nder;-)<\/p>\n<p>Und!!!<br \/>\nWenn sie smart gemacht sind, verkaufen sie \u2013 ganz nebenbei.<br \/>\nAlso, worauf wartest Du?<\/p>\n<p>Jetzt analog auffallen \u2013 und das KESSeste aus Deiner Werbung machen!<\/p>\n","protected":false},"excerpt":{"rendered":"<p>Postkarten, die h\u00e4ngen bleiben \u2013 im wahrsten Sinne. Denke Werbung neu, effektiv und vor allem kess! Mit 6 individuell gestalteten, verkaufspsychologischen Postkarten &amp; praktischem 9-F\u00e4cher-Aufh\u00e4nger sorgst Du in Deinem Unternehmen f\u00fcr echte Sichtbarkeit. Und das Beste: Deine Karten d\u00fcrfen auch bei anderen KESS Fames ausliegen \u2013 #kessfamily rocks! <a href=\"https:\/\/kessfactory.com\/shop\/postkartenwerbung\/#produktbeschreibung\">mehr<\/a><\/p>\n","protected":false},"featured_media":285646,"comment_status":"closed","ping_status":"closed","template":"","meta":{"_et_pb_use_builder":"","_et_pb_old_content":"","_et_gb_content_width":"","inline_featured_image":false},"product_brand":[],"product_cat":[152,151,150],"product_tag":[],"class_list":{"0":"post-285645","1":"product","2":"type-product","3":"status-publish","4":"has-post-thumbnail","6":"product_cat-branding","7":"product_cat-layout-design","8":"product_cat-druckprodukte","10":"first","11":"instock","12":"virtual","13":"taxable","14":"purchasable","15":"product-type-simple"},"wcpa_form_fields":null,"_links":{"self":[{"href":"https:\/\/kessfactory.com\/index.php?rest_route=\/wp\/v2\/product\/285645","targetHints":{"allow":["GET"]}}],"collection":[{"href":"https:\/\/kessfactory.com\/index.php?rest_route=\/wp\/v2\/product"}],"about":[{"href":"https:\/\/kessfactory.com\/index.php?rest_route=\/wp\/v2\/types\/product"}],"replies":[{"embeddable":true,"href":"https:\/\/kessfactory.com\/index.php?rest_route=%2Fwp%2Fv2%2Fcomments&post=285645"}],"wp:featuredmedia":[{"embeddable":true,"href":"https:\/\/kessfactory.com\/index.php?rest_route=\/wp\/v2\/media\/285646"}],"wp:attachment":[{"href":"https:\/\/kessfactory.com\/index.php?rest_route=%2Fwp%2Fv2%2Fmedia&parent=285645"}],"wp:term":[{"taxonomy":"product_brand","embeddable":true,"href":"https:\/\/kessfactory.com\/index.php?rest_route=%2Fwp%2Fv2%2Fproduct_brand&post=285645"},{"taxonomy":"product_cat","embeddable":true,"href":"https:\/\/kessfactory.com\/index.php?rest_route=%2Fwp%2Fv2%2Fproduct_cat&post=285645"},{"taxonomy":"product_tag","embeddable":true,"href":"https:\/\/kessfactory.com\/index.php?rest_route=%2Fwp%2Fv2%2Fproduct_tag&post=285645"}],"curies":[{"name":"wp","href":"https:\/\/api.w.org\/{rel}","templated":true}]}}