{"id":284498,"date":"2024-12-30T20:58:56","date_gmt":"2024-12-30T20:58:56","guid":{"rendered":"https:\/\/kessfactory.com\/?post_type=product&#038;p=284498"},"modified":"2025-01-08T20:18:10","modified_gmt":"2025-01-08T20:18:10","slug":"impressum","status":"publish","type":"product","link":"https:\/\/kessfactory.com\/?product=impressum","title":{"rendered":"Impressum"},"content":{"rendered":"<p>Rechtssicher und professionell \u2013 Dein Impressum vom Experten<\/p>\n<p>Ein Impressum ist nicht nur Pflicht, sondern auch eine wichtige Vertrauensbasis f\u00fcr Deine Website-Besucher. Es zeigt Deinen potenziellen Kunden, dass sie es mit einem transparenten und seri\u00f6sen Anbieter zu tun haben. Gleichzeitig sch\u00fctzt es Dich vor rechtlichen Konsequenzen durch unvollst\u00e4ndige oder fehlerhafte Angaben.<\/p>\n<p>Mit unserem Impressum-Service bieten wir Dir eine rundum sorglose L\u00f6sung: Wir erstellen f\u00fcr Dich ein professionelles, rechtlich einwandfreies Impressum, das alle erforderlichen Angaben enth\u00e4lt \u2013 angepasst an die Bed\u00fcrfnisse Deines Unternehmens. Zus\u00e4tzlich wird der Text auf einer Unterseite &#8220;Impressum&#8221; auf Deiner Website eingebunden &#8211; Voraussetzung daf\u00fcr ist, dass Du das Website System &#8220;Wordpress &amp; DIVI&#8221; nutzt.<\/p>\n<p>KESSER HINWEIS:<br \/>\nWir sind keine Rechtsberatung;-)<\/p>\n","protected":false},"excerpt":{"rendered":"<p>Mit unserem Impressum-Service bieten wir Dir eine rundum sorglose L\u00f6sung: Wir erstellen f\u00fcr Dich ein professionelles, rechtlich einwandfreies Impressum, das alle erforderlichen Angaben enth\u00e4lt \u2013 angepasst an die Bed\u00fcrfnisse Deines Unternehmens. Zus\u00e4tzlich wird der Text auf einer Unterseite &#8220;Impressum&#8221; auf Deiner Website eingebunden. <a href=\"https:\/\/kessfactory.com\/shop\/impressum#produktbeschreibung\">mehr<\/a><\/p>\n","protected":false},"featured_media":284502,"comment_status":"closed","ping_status":"closed","template":"","meta":{"_et_pb_use_builder":"","_et_pb_old_content":"","_et_gb_content_width":"","inline_featured_image":false},"product_brand":[],"product_cat":[160],"product_tag":[],"class_list":{"0":"post-284498","1":"product","2":"type-product","3":"status-publish","4":"has-post-thumbnail","6":"product_cat-website-onlineshop","8":"first","9":"instock","10":"virtual","11":"taxable","12":"purchasable","13":"product-type-simple"},"wcpa_form_fields":null,"_links":{"self":[{"href":"https:\/\/kessfactory.com\/index.php?rest_route=\/wp\/v2\/product\/284498","targetHints":{"allow":["GET"]}}],"collection":[{"href":"https:\/\/kessfactory.com\/index.php?rest_route=\/wp\/v2\/product"}],"about":[{"href":"https:\/\/kessfactory.com\/index.php?rest_route=\/wp\/v2\/types\/product"}],"replies":[{"embeddable":true,"href":"https:\/\/kessfactory.com\/index.php?rest_route=%2Fwp%2Fv2%2Fcomments&post=284498"}],"wp:featuredmedia":[{"embeddable":true,"href":"https:\/\/kessfactory.com\/index.php?rest_route=\/wp\/v2\/media\/284502"}],"wp:attachment":[{"href":"https:\/\/kessfactory.com\/index.php?rest_route=%2Fwp%2Fv2%2Fmedia&parent=284498"}],"wp:term":[{"taxonomy":"product_brand","embeddable":true,"href":"https:\/\/kessfactory.com\/index.php?rest_route=%2Fwp%2Fv2%2Fproduct_brand&post=284498"},{"taxonomy":"product_cat","embeddable":true,"href":"https:\/\/kessfactory.com\/index.php?rest_route=%2Fwp%2Fv2%2Fproduct_cat&post=284498"},{"taxonomy":"product_tag","embeddable":true,"href":"https:\/\/kessfactory.com\/index.php?rest_route=%2Fwp%2Fv2%2Fproduct_tag&post=284498"}],"curies":[{"name":"wp","href":"https:\/\/api.w.org\/{rel}","templated":true}]}}