{"id":262959,"date":"2023-05-24T11:50:46","date_gmt":"2023-05-24T11:50:46","guid":{"rendered":"https:\/\/kessfactory.com\/?post_type=product&#038;p=262959"},"modified":"2025-01-09T06:45:14","modified_gmt":"2025-01-09T06:45:14","slug":"buch-layout","status":"publish","type":"product","link":"https:\/\/kessfactory.com\/?product=buch-layout","title":{"rendered":"Buch Layout"},"content":{"rendered":"<p><strong>Wusstest Du eigentlich schon, dass KESS auch schon 3 B\u00fccher ver\u00f6ffentlicht hat?<\/strong><\/p>\n<p>Falls nicht, dann wei\u00dft Du es jetzt und kannst Dir sicher sein, dass Du mit Profis arbeitest. Wir wissen, worauf es ankommt, welche Fallstricke es beim Layoutdesign geben kann, welche Thematiken Bildrechte mit sich bringen und was man Datenschutzrechtlich beachten sollte. Selbstverst\u00e4ndlich k\u00f6nnen wir Dir an dieser Stelle keine Rechtsberatung geben (sind ja keine Rechtsanw\u00e4lte;-)), aber wir k\u00f6nnen unseren &#8220;Erfahrungsschatz&#8221; teilen.<\/p>\n<p><strong>Und mit diesen Leistungen werden wir Dir zur Seite stehen:<\/strong><\/p>\n<p><strong>+ 1<\/strong> Buch-Layout Entwurf inklusive Buchcover im Taschenformat<br \/>\n<strong>+ 2<\/strong> Korrekturschleifen<br \/>\n<strong>+<\/strong> Finale Buch-Datei im PDF-Format<br \/>\n<strong>+ 2h<\/strong> Projekt-Call (Projektzeit)<\/p>\n<p><strong>Was wir uns von Dir w\u00fcnschen:<\/strong><br \/>\n<strong>+<\/strong> Zuarbeit Corporate Identity (Schriftarten und Farben)*<br \/>\n<strong>+<\/strong> fertige Texte**<br \/>\n<strong>+<\/strong> Auswahl Bilder mit Bildrechten<\/p>\n<p>* Gern k\u00f6nnen wir im Rahmen eines <a href=\"https:\/\/kessfactory.com\/shop\/marketing-call\">Marketing-Calls<\/a> auch ein Moodboard f\u00fcr Dich mich Schriftarten und Farben erstellen.<br \/>\n** Gerne k\u00f6nnen wir im Rahmen von unserem <a href=\"https:\/\/kessfactory.com\/shop\/content-writing\">Content Writing<\/a> das Schreiben f\u00fcr Dich \u00fcbernehmen.<\/p>\n<p><strong>P.KESS:<br \/>\n<\/strong>Und falls Du Dein Buch-Layout bei Amazon on Print-on-Demand hochladen m\u00f6chtest, vereinbare einfach einen <a href=\"https:\/\/kessfactory.com\/shop\/technik-call\">Technik-Call mit Frances<\/a>. Hier verr\u00e4t sie Dir, wie Du Dein Buch auf Amazon hochl\u00e4dst \ud83d\ude09<\/p>\n","protected":false},"excerpt":{"rendered":"<p>Du m\u00f6chstest Dich in Zukunft Autor nennen, hast bereits schon Dein fertiges Buch geschrieben, aber Dein Skript braucht noch den passenden &#8220;Rahmen&#8221;, um es ver\u00f6ffentlichen zu k\u00f6nnen? Dann bist Du jetzt richtig. Denn KESS wird Dein Buch im richtigen Licht erscheinen lassen. Was wir alles f\u00fcr Dich machen, liest Du hier.<\/p>\n","protected":false},"featured_media":262966,"comment_status":"open","ping_status":"closed","template":"","meta":{"_et_pb_use_builder":"","_et_pb_old_content":"","_et_gb_content_width":"","inline_featured_image":false},"product_brand":[],"product_cat":[150,151,152],"product_tag":[],"class_list":{"0":"post-262959","1":"product","2":"type-product","3":"status-publish","4":"has-post-thumbnail","6":"product_cat-druckprodukte","7":"product_cat-layout-design","8":"product_cat-branding","10":"first","11":"instock","12":"sale","13":"taxable","14":"shipping-taxable","15":"purchasable","16":"product-type-variable"},"wcpa_form_fields":null,"_links":{"self":[{"href":"https:\/\/kessfactory.com\/index.php?rest_route=\/wp\/v2\/product\/262959","targetHints":{"allow":["GET"]}}],"collection":[{"href":"https:\/\/kessfactory.com\/index.php?rest_route=\/wp\/v2\/product"}],"about":[{"href":"https:\/\/kessfactory.com\/index.php?rest_route=\/wp\/v2\/types\/product"}],"replies":[{"embeddable":true,"href":"https:\/\/kessfactory.com\/index.php?rest_route=%2Fwp%2Fv2%2Fcomments&post=262959"}],"wp:featuredmedia":[{"embeddable":true,"href":"https:\/\/kessfactory.com\/index.php?rest_route=\/wp\/v2\/media\/262966"}],"wp:attachment":[{"href":"https:\/\/kessfactory.com\/index.php?rest_route=%2Fwp%2Fv2%2Fmedia&parent=262959"}],"wp:term":[{"taxonomy":"product_brand","embeddable":true,"href":"https:\/\/kessfactory.com\/index.php?rest_route=%2Fwp%2Fv2%2Fproduct_brand&post=262959"},{"taxonomy":"product_cat","embeddable":true,"href":"https:\/\/kessfactory.com\/index.php?rest_route=%2Fwp%2Fv2%2Fproduct_cat&post=262959"},{"taxonomy":"product_tag","embeddable":true,"href":"https:\/\/kessfactory.com\/index.php?rest_route=%2Fwp%2Fv2%2Fproduct_tag&post=262959"}],"curies":[{"name":"wp","href":"https:\/\/api.w.org\/{rel}","templated":true}]}}